st common factor of 195 and 3250?
65
What is the greatest common divisor of 60 and 160?
20
Calculate the greatest common factor of 408 and 255.
51
Calculate the greatest common factor of 6 and 114.
6
What is the greatest common divisor of 711 and 45?
9
What is the greatest common factor of 171 and 2907?
171
What is the greatest common divisor of 1837 and 22?
11
Calculate the greatest common divisor of 350 and 300.
50
Calculate the highest common divisor of 14 and 98.
14
Calculate the greatest common factor of 3366 and 136.
34
Calculate the highest common divisor of 108 and 243.
27
What is the greatest common factor of 1926 and 36?
18
Calculate the highest common divisor of 36 and 340.
4
Calculate the highest common factor of 395 and 79.
79
What is the highest common factor of 9 and 159?
3
What is the greatest common factor of 64 and 1696?
32
Calculate the highest common factor of 14 and 27286.
14
Calculate the highest common factor of 2331 and 2664.
333
What is the greatest common divisor of 52 and 8?
4
Calculate the greatest common divisor of 4 and 172.
4
Calculate the greatest common factor of 52 and 468.
52
Calculate the highest common factor of 912 and 2352.
48
What is the greatest common divisor of 1313 and 624?
13
What is the greatest common divisor of 154 and 22?
22
Calculate the highest common divisor of 143 and 11.
11
Calculate the highest common factor of 12 and 426.
6
What is the highest common divisor of 6965 and 70?
35
Calculate the greatest common divisor of 450 and 180.
90
What is the highest common factor of 14760 and 450?
90
Calculate the highest common divisor of 3906 and 31.
31
Calculate the highest common factor of 52 and 494.
26
Calculate the greatest common divisor of 10 and 5.
5
Calculate the highest common factor of 70 and 910.
70
What is the highest common factor of 46 and 46?
46
What is the greatest common factor of 55 and 275?
55
Calculate the highest common divisor of 5777 and 159.
53
Calculate the highest common factor of 65856 and 56.
56
What is the highest common factor of 24 and 1128?
24
What is the highest common factor of 102 and 170?
34
Calculate the highest common factor of 1950 and 273.
39
Calculate the greatest common divisor of 25 and 4550.
25
Calculate the highest common divisor of 275 and 25.
25
Calculate the greatest common divisor of 52 and 20.
4
Calculate the highest common factor of 1105 and 833.
17
Calculate the greatest common divisor of 29 and 4.
1
Calculate the highest common divisor of 348 and 5684.
116
Calculate the highest common divisor of 54 and 198.
18
Calculate the highest common factor of 511 and 73.
73
Calculate the greatest common divisor of 973 and 14.
7
What is the greatest common factor of 496 and 400?
16
Calculate the highest common factor of 10175 and 37.
37
Calculate the highest common divisor of 6 and 6774.
6
Calculate the greatest common factor of 14850 and 45.
45
Calculate the highest common factor of 380 and 152.
76
What is the highest common factor of 299 and 234?
13
Calculate the highest common factor of 14 and 406.
14
Calculate the highest common factor of 132 and 84.
12
Calculate the greatest common factor of 147 and 833.
49
What is the greatest common divisor of 804 and 12?
12
Calculate the highest common factor of 23441 and 11.
11
Calculate the greatest common divisor of 904 and 32.
8
Calculate the highest common factor of 36 and 2358.
18
Calculate the highest common divisor of 42 and 42.
42
What is the greatest common divisor of 12062 and 74?
74
What is the greatest common divisor of 20517 and 21?
21
Calculate the greatest common divisor of 156 and 12.
12
What is the highest common divisor of 8 and 576?
8
Calculate the highest common divisor of 429 and 5291.
143
Calculate the highest common divisor of 54 and 474.
6
Calculate the highest common divisor of 330 and 594.
66
Calculate the highest common divisor of 2117 and 290.
29
Calculate the greatest common factor of 115 and 69.
23
Calculate the highest common factor of 28048 and 64.
16
Calculate the highest common factor of 838 and 2.
2
Calculate the highest common factor of 43 and 473.
43
What is the greatest common factor of 25 and 725?
25
What is the greatest common factor of 35 and 3105?
5
What is the highest common divisor of 21 and 24?
3
What is the greatest common divisor of 729 and 324?
81
Calculate the highest common divisor of 25311 and 156.
39
Calculate the greatest common factor of 11524 and 67.
67
Calculate the highest common divisor of 279 and 27.
9
What is the highest common factor of 484 and 8?
4
What is the greatest common factor of 8762 and 26?
26
What is the highest common divisor of 110 and 1020?
10
What is the greatest common factor of 56 and 1358?
14
Calculate the highest common factor of 18 and 192.
6
What is the highest common divisor of 2626 and 26?
26
What is the highest common factor of 9 and 171?
9
What is the highest common divisor of 184 and 41768?
184
Calculate the greatest common factor of 65700 and 10.
10
Calculate the greatest common factor of 1107 and 287.
41
Calculate the highest common factor of 1106 and 237.
79
Calculate the highest common divisor of 9 and 20232.
9
What is the highest common divisor of 86 and 946?
86
Calculate the highest common divisor of 70 and 140.
70
What is the highest common divisor of 70 and 385?
35
Calculate the highest common factor of 731 and 17.
17
What is the greatest common divisor of 143 and 10439?
143
Calculate the highest common factor of 92 and 2668.
92
What is the highest common divisor of 4403 and 74?
37
Calculate the highest common divisor of 96 and 21.
3
Calculate the highest common factor of 36 and 684.
36
Calculate the greatest common divisor of 178 and 89.
89
Calculate the greatest common divisor of 243 and 8667.
81
Calculate the greatest common divisor of 54 and 128.
2
What is the highest common divisor of 536 and 8?
8
Calculate the highest common divisor of 7 and 2.
1
Calculate the greatest common factor of 1961 and 318.
53
What is the greatest common divisor of 39 and 12883?
13
What is the highest common factor of 793 and 767?
13
What is the highest common factor of 190 and 40?
10
Calculate the greatest common divisor of 149 and 10.
1
What is the greatest common factor of 9146 and 102?
34
Calculate the highest common factor of 32 and 208.
16
What is the highest common divisor of 1876 and 28?
28
Calculate the highest common divisor of 54 and 4464.
18
Calculate the highest common divisor of 10 and 40.
10
Calculate the greatest common factor of 50 and 675.
25
What is the greatest common factor of 29788 and 22?
22
What is the highest common factor of 868 and 84?
28
Calculate the greatest common factor of 31 and 16616.
31
Calculate the greatest common factor of 10 and 32.
2
Calculate the highest common factor of 3 and 11.
1
Calculate the highest common factor of 675 and 189.
27
What is the highest common divisor of 91 and 91?
91
What is the greatest common factor of 40 and 3100?
20
What is the greatest common divisor of 90 and 4230?
90
Calculate the highest common divisor of 90 and 205.
5
What is the greatest common divisor of 60 and 435?
15
What is the highest common factor of 2516 and 37?
37
Calculate the highest common divisor of 44 and 154.
22
What is the highest common factor of 27 and 1161?
27
Calculate the highest common factor of 4015 and 165.
55
What is the highest common factor of 9 and 504?
9
What is the greatest common factor of 18 and 3771?
9
What is the greatest common divisor of 168 and 546?
42
What is the highest common factor of 47 and 235?
47
Calculate the greatest common factor of 28 and 35.
7
What is the greatest common divisor of 5 and 145?
5
Calculate the greatest common divisor of 850 and 238.
34
Calculate the highest common divisor of 17 and 9639.
17
What is the highest common factor of 96 and 3?
3
What is the greatest common divisor of 76 and 95?
19
What is the greatest common factor of 135 and 189?
27
Calculate the highest common factor of 50 and 30.
10
What is the greatest common divisor of 26 and 637?
13
What is the greatest common divisor of 14 and 14?
14
Calculate the highest common divisor of 31 and 279.
31
Calculate the greatest common factor of 224 and 168.
56
What is the highest common factor of 168 and 24